{"id":330,"date":"2016-06-23T09:35:54","date_gmt":"2016-06-23T07:35:54","guid":{"rendered":"http:\/\/www.legambientevda.it\/?page_id=330"},"modified":"2016-06-29T00:24:20","modified_gmt":"2016-06-28T22:24:20","slug":"educazione-ambientale","status":"publish","type":"page","link":"https:\/\/www.legambientevda.it\/index.php\/educazione-ambientale\/","title":{"rendered":"Educazione Ambientale"},"content":{"rendered":"<p>FESTA DEL SOLSTIZIO : ECCO I VINCITORI DEL GIOCO &#8220;DOLCEMENTE IN MOVIMENTO&#8221;, PROPOSTO DAL NOSTRO MICHEL NEL CORSO DELLA GIORNATA<\/p>\n<p>Categoria ESPERTI : Ludovico, nato nel 2002 e Katiuscia, nata nel 1978.<\/p>\n<p>Categoria INTERESSATI : Giulia, nata nel 2005<\/p>\n<p>Categoria RESPONSABILI : Marilena, nata nel 1955<\/p>\n<p>&nbsp;<\/p>\n<p>&nbsp;<\/p>\n","protected":false},"excerpt":{"rendered":"<p>FESTA DEL SOLSTIZIO : ECCO I VINCITORI DEL GIOCO &#8220;DOLCEMENTE IN MOVIMENTO&#8221;, PROPOSTO DAL NOSTRO MICHEL NEL CORSO DELLA GIORNATA Categoria ESPERTI : Ludovico, nato nel 2002 e Katiuscia, nata nel 1978. Categoria INTERESSATI : Giulia, nata nel 2005 Categoria RESPONSABILI : Marilena, nata nel 1955 &nbsp; &nbsp;<\/p>\n","protected":false},"author":1,"featured_media":337,"parent":0,"menu_order":0,"comment_status":"closed","ping_status":"closed","template":"","meta":{"jetpack_post_was_ever_published":false,"footnotes":""},"jetpack_sharing_enabled":true,"jetpack_shortlink":"https:\/\/wp.me\/P76AmJ-5k","jetpack-related-posts":[{"id":61,"url":"https:\/\/www.legambientevda.it\/index.php\/legambiente\/","url_meta":{"origin":330,"position":0},"title":"Legambiente","author":"adminvda","date":"10 Febbraio 2016","format":false,"excerpt":"Legambiente \u00e8 nata nel 1980, erede dei primi nuclei ecologisti e del movimento antinucleare che si svilupp\u00f2 in Italia e in tutto il mondo occidentale nella seconda met\u00e0 degli anni 70. Tratto distintivo dell'associazione \u00e8 stato fin dall'inizio l'ambientalismo scientifico, ovvero la scelta di fondare ogni progetto in difesa dell'ambiente\u2026","rel":"","context":"Articolo simile","block_context":{"text":"Articolo simile","link":""},"img":{"alt_text":"","src":"","width":0,"height":0},"classes":[]},{"id":184,"url":"https:\/\/www.legambientevda.it\/index.php\/aree-protette\/","url_meta":{"origin":330,"position":1},"title":"Aree Protette","author":"adminvda","date":"5 Aprile 2016","format":false,"excerpt":"Marais, l'area protetta perde i pezzi I SIC diventano ZSC Parco Nazionale dello Stelvio Le zone umide da salvaguardare Les Iles, un esempio di progetti sbagliati Biodiversit\u00e0, la tutela passa dalla conoscenza Scempio continuo spacciato per difesa Biodiversit\u00e0 a rischio 2012 Biodiversit\u00e0 \u00a0a rischio 2011","rel":"","context":"Articolo simile","block_context":{"text":"Articolo simile","link":""},"img":{"alt_text":"","src":"","width":0,"height":0},"classes":[]},{"id":163,"url":"https:\/\/www.legambientevda.it\/index.php\/animali\/","url_meta":{"origin":330,"position":2},"title":"Animali","author":"adminvda","date":"5 Aprile 2016","format":false,"excerpt":"\u00a0 \u00a0Festeggiamenti pi\u00f9 responsabili Tritone alpestre o alpino nel lago naturale di By. Green Hill un anno dopo Povero Lupo! Dieci anni con le aquile reali Cervi a Flassin. Nella nebbia a caccia di bramiti Osservazione dei cervi al bramito Progetto Lupo","rel":"","context":"Articolo simile","block_context":{"text":"Articolo simile","link":""},"img":{"alt_text":"","src":"","width":0,"height":0},"classes":[]},{"id":222,"url":"https:\/\/www.legambientevda.it\/index.php\/chavonne\/","url_meta":{"origin":330,"position":3},"title":"Chavonne","author":"adminvda","date":"5 Aprile 2016","format":false,"excerpt":"La CVA rinuncia al progetto di Chavonne. Opposizione di AIW al progetto Chavonne Presentazione CVA","rel":"","context":"Articolo simile","block_context":{"text":"Articolo simile","link":""},"img":{"alt_text":"","src":"","width":0,"height":0},"classes":[]},{"id":21,"url":"https:\/\/www.legambientevda.it\/index.php\/chi-siamo\/","url_meta":{"origin":330,"position":4},"title":"Chi Siamo","author":"adminvda","date":"7 Gennaio 2016","format":false,"excerpt":"Il Circolo Legambiente Valle d'Aosta nasce agli inizi del 2001, pochi mesi dopo l'alluvione che devast\u00f2 la nostra regione. In quell'occasione ci si rese conto che non esistevano sul nostro territorio associazioni ambientaliste operative e lo stimolo del dibattito che si era venuto a creare a seguito dell'alluvione fu la\u2026","rel":"","context":"Articolo simile","block_context":{"text":"Articolo simile","link":""},"img":{"alt_text":"","src":"","width":0,"height":0},"classes":[]}],"jetpack_likes_enabled":true,"_links":{"self":[{"href":"https:\/\/www.legambientevda.it\/index.php\/wp-json\/wp\/v2\/pages\/330"}],"collection":[{"href":"https:\/\/www.legambientevda.it\/index.php\/wp-json\/wp\/v2\/pages"}],"about":[{"href":"https:\/\/www.legambientevda.it\/index.php\/wp-json\/wp\/v2\/types\/page"}],"author":[{"embeddable":true,"href":"https:\/\/www.legambientevda.it\/index.php\/wp-json\/wp\/v2\/users\/1"}],"replies":[{"embeddable":true,"href":"https:\/\/www.legambientevda.it\/index.php\/wp-json\/wp\/v2\/comments?post=330"}],"version-history":[{"count":3,"href":"https:\/\/www.legambientevda.it\/index.php\/wp-json\/wp\/v2\/pages\/330\/revisions"}],"predecessor-version":[{"id":341,"href":"https:\/\/www.legambientevda.it\/index.php\/wp-json\/wp\/v2\/pages\/330\/revisions\/341"}],"wp:featuredmedia":[{"embeddable":true,"href":"https:\/\/www.legambientevda.it\/index.php\/wp-json\/wp\/v2\/media\/337"}],"wp:attachment":[{"href":"https:\/\/www.legambientevda.it\/index.php\/wp-json\/wp\/v2\/media?parent=330"}],"curies":[{"name":"wp","href":"https:\/\/api.w.org\/{rel}","templated":true}]}}

Legambiente è nata nel 1980, erede dei primi nuclei ecologisti e del movimento antinucleare che si sviluppò in Italia e in tutto il mondo occidentale nella seconda metà degli anni 70. Tratto distintivo dell'associazione è stato fin dall'inizio l'ambientalismo scientifico, ovvero la scelta di fondare ogni progetto in difesa dell'ambiente…

Marais, l'area protetta perde i pezzi I SIC diventano ZSC Parco Nazionale dello Stelvio Le zone umide da salvaguardare Les Iles, un esempio di progetti sbagliati Biodiversità, la tutela passa dalla conoscenza Scempio continuo spacciato per difesa Biodiversità a rischio 2012 Biodiversità  a rischio 2011

Festeggiamenti più responsabili Tritone alpestre o alpino nel lago naturale di By. Green Hill un anno dopo Povero Lupo! Dieci anni con le aquile reali Cervi a Flassin. Nella nebbia a caccia di bramiti Osservazione dei cervi al bramito Progetto Lupo

Il Circolo Legambiente Valle d'Aosta nasce agli inizi del 2001, pochi mesi dopo l'alluvione che devastò la nostra regione. In quell'occasione ci si rese conto che non esistevano sul nostro territorio associazioni ambientaliste operative e lo stimolo del dibattito che si era venuto a creare a seguito dell'alluvione fu la…
