{"id":225,"date":"2016-04-05T13:09:36","date_gmt":"2016-04-05T11:09:36","guid":{"rendered":"http:\/\/www.legambientevda.it\/?page_id=225"},"modified":"2016-04-05T13:09:36","modified_gmt":"2016-04-05T11:09:36","slug":"convegni","status":"publish","type":"page","link":"https:\/\/www.legambientevda.it\/index.php\/convegni\/","title":{"rendered":"Convegni"},"content":{"rendered":"<ul>\n<li><a href=\"http:\/\/www.legambientevda.it\/index.php\/2016\/01\/17\/assemblea-annuale-legambiente-star-bene-insieme\/\" target=\"_blank\">Assemblea annuale Legambiente:\u00a0star bene insieme<\/a><\/li>\n<li><a href=\"http:\/\/www.legambientevda.it\/index.php\/2016\/01\/17\/assemblea-annuale-di-legambiente-sabato-23-gennaio-ore-21\/\" target=\"_blank\">Assemblea annuale di Legambiente \u00a0Sabato 23 gennaio ore 21<\/a><\/li>\n<li><span class=\"TitoloNotizia2006\"><a href=\"http:\/\/www.legambientevda.it\/Public\/PdfNotizie\/locanda.pdf\" target=\"_blank\">Di quale Europa abbiamo bisogno?<\/a><\/span><\/li>\n<li><a href=\"http:\/\/www.legambientevda.it\/?p=226&amp;preview=true\" target=\"_blank\">Un&#8217;altra strada per la montagna? Convegno su paesaggio, agricoltura ed ed economia<\/a><\/li>\n<\/ul>\n","protected":false},"excerpt":{"rendered":"<p>Assemblea annuale Legambiente:\u00a0star bene insieme Assemblea annuale di Legambiente \u00a0Sabato 23 gennaio ore 21 Di quale Europa abbiamo bisogno? Un&#8217;altra strada per la montagna? Convegno su paesaggio, agricoltura ed ed economia<\/p>\n","protected":false},"author":1,"featured_media":0,"parent":0,"menu_order":0,"comment_status":"closed","ping_status":"closed","template":"","meta":{"jetpack_post_was_ever_published":false,"footnotes":""},"jetpack_sharing_enabled":true,"jetpack_shortlink":"https:\/\/wp.me\/P76AmJ-3D","jetpack-related-posts":[{"id":21,"url":"https:\/\/www.legambientevda.it\/index.php\/chi-siamo\/","url_meta":{"origin":225,"position":0},"title":"Chi Siamo","author":"adminvda","date":"7 Gennaio 2016","format":false,"excerpt":"Il Circolo Legambiente Valle d'Aosta nasce agli inizi del 2001, pochi mesi dopo l'alluvione che devast\u00f2 la nostra regione. In quell'occasione ci si rese conto che non esistevano sul nostro territorio associazioni ambientaliste operative e lo stimolo del dibattito che si era venuto a creare a seguito dell'alluvione fu la\u2026","rel":"","context":"Articolo simile","block_context":{"text":"Articolo simile","link":""},"img":{"alt_text":"","src":"","width":0,"height":0},"classes":[]},{"id":61,"url":"https:\/\/www.legambientevda.it\/index.php\/legambiente\/","url_meta":{"origin":225,"position":1},"title":"Legambiente","author":"adminvda","date":"10 Febbraio 2016","format":false,"excerpt":"Legambiente \u00e8 nata nel 1980, erede dei primi nuclei ecologisti e del movimento antinucleare che si svilupp\u00f2 in Italia e in tutto il mondo occidentale nella seconda met\u00e0 degli anni 70. Tratto distintivo dell'associazione \u00e8 stato fin dall'inizio l'ambientalismo scientifico, ovvero la scelta di fondare ogni progetto in difesa dell'ambiente\u2026","rel":"","context":"Articolo simile","block_context":{"text":"Articolo simile","link":""},"img":{"alt_text":"","src":"","width":0,"height":0},"classes":[]},{"id":150,"url":"https:\/\/www.legambientevda.it\/index.php\/diventa-socio\/","url_meta":{"origin":225,"position":2},"title":"Diventa Socio","author":"adminvda","date":"1 Aprile 2016","format":false,"excerpt":"SOCIO JUNIOR Fino a 17 anni (nati dal 2009 in poi) - \u20ac10,00 SOCIO GIOVANE Da 18 a 35 anni - (nati dal 1991 al 2008) con abbonamento omaggio a La Nuova Ecologia - \u20ac15,00 SOCIO ORDINARIO con abbonamento a La Nuova Ecologia - \u20ac30,00 SOCIO ORDINARIO - \u20ac20,00 SOCIO\u2026","rel":"","context":"Articolo simile","block_context":{"text":"Articolo simile","link":""},"img":{"alt_text":"","src":"","width":0,"height":0},"classes":[]},{"id":1003,"url":"https:\/\/www.legambientevda.it\/index.php\/cambiamento-climatico\/","url_meta":{"origin":225,"position":3},"title":"Cambiamento climatico","author":"adminvda","date":"1 Novembre 2019","format":false,"excerpt":"In questa sezione pubblichiamo materiali e documentazione riguardanti il maggior problema ecologico di questi anni: il riscaldamento progressivo del pianeta, che gi\u00e0 sta mostrando i suoi effetti . Informare correttamente i cittadini costituisce il primo passo per contrastarlo. E' necessaria una forte pressione dell'opinione pubblica per spingere i decisori politici\u2026","rel":"","context":"Articolo simile","block_context":{"text":"Articolo simile","link":""},"img":{"alt_text":"","src":"","width":0,"height":0},"classes":[]},{"id":597,"url":"https:\/\/www.legambientevda.it\/index.php\/cosa-facciamo\/","url_meta":{"origin":225,"position":4},"title":"COSA FACCIAMO","author":"adminvda","date":"4 Dicembre 2017","format":false,"excerpt":"In questa sezione trovi le sintesi annuali delle attivit\u00e0 del Circolo Legambiente Valle d'Aosta. Cliccando sui links si apriranno i files pdf rerlativi ai vari anni. Sintesi 2025 Sintesi 2024 Sintesi 2023 Sintesi 2022 Sintesi 2021 Sintesi - 2020 Sintesi 2019 Sintesi 2018 Sintesi 2017 Sintesi 2016 Sintesi 2014 Sintesi\u2026","rel":"","context":"Articolo simile","block_context":{"text":"Articolo simile","link":""},"img":{"alt_text":"","src":"","width":0,"height":0},"classes":[]},{"id":207,"url":"https:\/\/www.legambientevda.it\/index.php\/aria\/cogne-acciai-speciali\/","url_meta":{"origin":225,"position":5},"title":"Cogne Acciai Speciali","author":"adminvda","date":"5 Aprile 2016","format":false,"excerpt":"Memoria corta 2: perch\u00e9 arpa smentisce se stessa? Memoria corta Cas e qualit\u00e0 dell' aria Fotografie del 25 marzo 2014 Concorso fotografico CAS. I vincitori Cogne Acciai Speciali: Analisi dell'aria Bicincitt\u00e0\u00a0 2013 Se non ci sono problemi per la salute... Inchiesta sull'aria di Aosta. Cogne, Allarme per gli scarichi di\u2026","rel":"","context":"Articolo simile","block_context":{"text":"Articolo simile","link":""},"img":{"alt_text":"","src":"","width":0,"height":0},"classes":[]}],"jetpack_likes_enabled":true,"_links":{"self":[{"href":"https:\/\/www.legambientevda.it\/index.php\/wp-json\/wp\/v2\/pages\/225"}],"collection":[{"href":"https:\/\/www.legambientevda.it\/index.php\/wp-json\/wp\/v2\/pages"}],"about":[{"href":"https:\/\/www.legambientevda.it\/index.php\/wp-json\/wp\/v2\/types\/page"}],"author":[{"embeddable":true,"href":"https:\/\/www.legambientevda.it\/index.php\/wp-json\/wp\/v2\/users\/1"}],"replies":[{"embeddable":true,"href":"https:\/\/www.legambientevda.it\/index.php\/wp-json\/wp\/v2\/comments?post=225"}],"version-history":[{"count":1,"href":"https:\/\/www.legambientevda.it\/index.php\/wp-json\/wp\/v2\/pages\/225\/revisions"}],"predecessor-version":[{"id":228,"href":"https:\/\/www.legambientevda.it\/index.php\/wp-json\/wp\/v2\/pages\/225\/revisions\/228"}],"wp:attachment":[{"href":"https:\/\/www.legambientevda.it\/index.php\/wp-json\/wp\/v2\/media?parent=225"}],"curies":[{"name":"wp","href":"https:\/\/api.w.org\/{rel}","templated":true}]}}

Il Circolo Legambiente Valle d'Aosta nasce agli inizi del 2001, pochi mesi dopo l'alluvione che devastò la nostra regione. In quell'occasione ci si rese conto che non esistevano sul nostro territorio associazioni ambientaliste operative e lo stimolo del dibattito che si era venuto a creare a seguito dell'alluvione fu la…

Legambiente è nata nel 1980, erede dei primi nuclei ecologisti e del movimento antinucleare che si sviluppò in Italia e in tutto il mondo occidentale nella seconda metà degli anni 70. Tratto distintivo dell'associazione è stato fin dall'inizio l'ambientalismo scientifico, ovvero la scelta di fondare ogni progetto in difesa dell'ambiente…

In questa sezione pubblichiamo materiali e documentazione riguardanti il maggior problema ecologico di questi anni: il riscaldamento progressivo del pianeta, che già sta mostrando i suoi effetti . Informare correttamente i cittadini costituisce il primo passo per contrastarlo. E' necessaria una forte pressione dell'opinione pubblica per spingere i decisori politici…

In questa sezione trovi le sintesi annuali delle attività del Circolo Legambiente Valle d'Aosta. Cliccando sui links si apriranno i files pdf rerlativi ai vari anni. Sintesi 2025 Sintesi 2024 Sintesi 2023 Sintesi 2022 Sintesi 2021 Sintesi - 2020 Sintesi 2019 Sintesi 2018 Sintesi 2017 Sintesi 2016 Sintesi 2014 Sintesi…

Memoria corta 2: perché arpa smentisce se stessa? Memoria corta Cas e qualità dell' aria Fotografie del 25 marzo 2014 Concorso fotografico CAS. I vincitori Cogne Acciai Speciali: Analisi dell'aria Bicincittà  2013 Se non ci sono problemi per la salute... Inchiesta sull'aria di Aosta. Cogne, Allarme per gli scarichi di…
