{"id":21,"date":"2016-01-07T12:50:12","date_gmt":"2016-01-07T11:50:12","guid":{"rendered":"http:\/\/www.legambientevda.it\/?page_id=21"},"modified":"2026-02-13T22:31:50","modified_gmt":"2026-02-13T21:31:50","slug":"chi-siamo","status":"publish","type":"page","link":"https:\/\/www.legambientevda.it\/index.php\/chi-siamo\/","title":{"rendered":"Chi Siamo"},"content":{"rendered":"<p>Il Circolo Legambiente Valle d&#8217;Aosta nasce agli inizi del 2001, pochi mesi dopo l&#8217;alluvione che devast\u00f2 la nostra regione.<br \/>\nIn quell&#8217;occasione ci si rese conto che non esistevano sul nostro territorio associazioni ambientaliste operative e lo stimolo del dibattito che si era venuto a creare a seguito dell&#8217;alluvione fu la molla determinante a far nascere la nostra struttura. Non a caso la prima manifestazione pubblica del Circolo avvenne sulla strada tra Pollein e Plan Felinaz, sul ponte sopra il torrente Combo\u00e9, per denunciare il fatto che, a distanza di otto mesi dalla tragedia, non era ancora stato reso funzionante il sistema di sirene di allarme per proteggere i due paesi da un nuovo possibile evento calamitoso.<\/p>\n<p>Il primo presidente di Legambiente VdA \u00e8 stato Paolo Fedi; dal 2006 \u00e8 subentrata Maria Pia Simonetti e dal 2010 al 2017 la direzione \u00e8 stata in mano ad Alessandra Piccioni. Il Circolo \u00e8 attialmente diretto da Denis Buttol, coadiuvato dalla vicepresidente Ornella Canesso e dal segretario Paolo Fedi.<br \/>\nIn questi anni il Circolo si \u00e8 ingrandito fino a essere il pi\u00f9 grande del Comitato interregionale Piemonte Valle d&#8217;Aosta e si \u00e8 occupato di tantissimi aspetti. Elenchiamo solo alcuni dei grandi temi che caratterizzano il nostro operare:<\/p>\n<ul>\n<li>qualit\u00e0 del trasporto pubblico, privato e commerciale: dalla vertenza contro il ritorno dei TIR sotto il Monte Bianco alla promozione del carico\/scarico merci in centro ad Aosta attraverso l&#8217;istituzione di un centro di stoccaggio esterno<\/li>\n<li>contenimento della produzione di rifiuti e loro corretto smaltimento: dopo la battaglia e la vittoria contro l&#8217;inceneritore, continuiamo a sostenere processi virtuosi e fattibili che non implichino il trattamento a caldo dei rifiuti, cio\u00e8 il bruciarli. Siamo pertanto contro l&#8217;ipotesi di un impianto di pirogassificazione<\/li>\n<li>difesa dei luoghi pi\u00f9 belli e ancora non saccheggiati del nostro territorio (Combo\u00e9, San Grato a Issime, ecc.)<\/li>\n<li>promozione delle energie rinnovabili ma sempre valutando caso per caso, perch\u00e8 neanche gli impianti di produzione dell&#8217;energia pulita si possono fare ovunque ma bisogna inserirli nei contesti pi\u00f9 adatti<\/li>\n<li>sostegno a progetti di cooperazione internazionale con lo Swaziland in Africa<\/li>\n<li>organizzazione di conferenze e convegni ma anche escursioni a piedi e con le racchette da neve per meglio comprendere e valorizzare le bellezze della regione.<\/li>\n<\/ul>\n<p>Insomma, il Circolo sta lavorando a tutto campo e, se si pensa che tutto \u00e8 svolto a livello di volontariato, quindi nel tempo libero, noi stessi ci meravigliamo di quanto siamo stati in grado di costruire in questi anni. Un impegno sostenuto da circa 200 soci che con la loro adesione annuale garantiscono autonomia finanziaria e sostegno morale al direttivo e al gruppo dei volontari attivi.<\/p>\n<p>Puoi consultare il nostro statuto al seguente link\u00a0<a href=\"http:\/\/www.legambientevda.it\/wp-content\/uploads\/2019\/11\/Nuovo-Statuto-2019.pdf\">Statuto<\/a><\/p>\n","protected":false},"excerpt":{"rendered":"<p>Il Circolo Legambiente Valle d&#8217;Aosta nasce agli inizi del 2001, pochi mesi dopo l&#8217;alluvione che devast\u00f2 la nostra regione. In quell&#8217;occasione ci si rese conto che non esistevano sul nostro territorio associazioni ambientaliste operative e lo stimolo del dibattito che si era venuto a creare a seguito dell&#8217;alluvione fu la molla determinante a far nascere &hellip; <a href=\"https:\/\/www.legambientevda.it\/index.php\/chi-siamo\/\" class=\"more-link\">Continua la lettura di <span class=\"screen-reader-text\">Chi Siamo<\/span> <span class=\"meta-nav\">&rarr;<\/span><\/a><\/p>\n","protected":false},"author":1,"featured_media":0,"parent":0,"menu_order":0,"comment_status":"closed","ping_status":"closed","template":"","meta":{"jetpack_post_was_ever_published":false,"footnotes":""},"jetpack_sharing_enabled":true,"jetpack_shortlink":"https:\/\/wp.me\/P76AmJ-l","jetpack-related-posts":[{"id":150,"url":"https:\/\/www.legambientevda.it\/index.php\/diventa-socio\/","url_meta":{"origin":21,"position":0},"title":"Diventa Socio","author":"adminvda","date":"1 Aprile 2016","format":false,"excerpt":"SOCIO JUNIOR Fino a 17 anni (nati dal 2009 in poi) - \u20ac10,00 SOCIO GIOVANE Da 18 a 35 anni - (nati dal 1991 al 2008) con abbonamento omaggio a La Nuova Ecologia - \u20ac15,00 SOCIO ORDINARIO con abbonamento a La Nuova Ecologia - \u20ac30,00 SOCIO ORDINARIO - \u20ac20,00 SOCIO\u2026","rel":"","context":"Articolo simile","block_context":{"text":"Articolo simile","link":""},"img":{"alt_text":"","src":"","width":0,"height":0},"classes":[]},{"id":597,"url":"https:\/\/www.legambientevda.it\/index.php\/cosa-facciamo\/","url_meta":{"origin":21,"position":1},"title":"COSA FACCIAMO","author":"adminvda","date":"4 Dicembre 2017","format":false,"excerpt":"In questa sezione trovi le sintesi annuali delle attivit\u00e0 del Circolo Legambiente Valle d'Aosta. Cliccando sui links si apriranno i files pdf rerlativi ai vari anni. Sintesi 2025 Sintesi 2024 Sintesi 2023 Sintesi 2022 Sintesi 2021 Sintesi - 2020 Sintesi 2019 Sintesi 2018 Sintesi 2017 Sintesi 2016 Sintesi 2014 Sintesi\u2026","rel":"","context":"Articolo simile","block_context":{"text":"Articolo simile","link":""},"img":{"alt_text":"","src":"","width":0,"height":0},"classes":[]},{"id":61,"url":"https:\/\/www.legambientevda.it\/index.php\/legambiente\/","url_meta":{"origin":21,"position":2},"title":"Legambiente","author":"adminvda","date":"10 Febbraio 2016","format":false,"excerpt":"Legambiente \u00e8 nata nel 1980, erede dei primi nuclei ecologisti e del movimento antinucleare che si svilupp\u00f2 in Italia e in tutto il mondo occidentale nella seconda met\u00e0 degli anni 70. Tratto distintivo dell'associazione \u00e8 stato fin dall'inizio l'ambientalismo scientifico, ovvero la scelta di fondare ogni progetto in difesa dell'ambiente\u2026","rel":"","context":"Articolo simile","block_context":{"text":"Articolo simile","link":""},"img":{"alt_text":"","src":"","width":0,"height":0},"classes":[]},{"id":1003,"url":"https:\/\/www.legambientevda.it\/index.php\/cambiamento-climatico\/","url_meta":{"origin":21,"position":3},"title":"Cambiamento climatico","author":"adminvda","date":"1 Novembre 2019","format":false,"excerpt":"In questa sezione pubblichiamo materiali e documentazione riguardanti il maggior problema ecologico di questi anni: il riscaldamento progressivo del pianeta, che gi\u00e0 sta mostrando i suoi effetti . Informare correttamente i cittadini costituisce il primo passo per contrastarlo. E' necessaria una forte pressione dell'opinione pubblica per spingere i decisori politici\u2026","rel":"","context":"Articolo simile","block_context":{"text":"Articolo simile","link":""},"img":{"alt_text":"","src":"","width":0,"height":0},"classes":[]},{"id":225,"url":"https:\/\/www.legambientevda.it\/index.php\/convegni\/","url_meta":{"origin":21,"position":4},"title":"Convegni","author":"adminvda","date":"5 Aprile 2016","format":false,"excerpt":"Assemblea annuale Legambiente:\u00a0star bene insieme Assemblea annuale di Legambiente \u00a0Sabato 23 gennaio ore 21 Di quale Europa abbiamo bisogno? Un'altra strada per la montagna? Convegno su paesaggio, agricoltura ed ed economia","rel":"","context":"Articolo simile","block_context":{"text":"Articolo simile","link":""},"img":{"alt_text":"","src":"","width":0,"height":0},"classes":[]},{"id":207,"url":"https:\/\/www.legambientevda.it\/index.php\/aria\/cogne-acciai-speciali\/","url_meta":{"origin":21,"position":5},"title":"Cogne Acciai Speciali","author":"adminvda","date":"5 Aprile 2016","format":false,"excerpt":"Memoria corta 2: perch\u00e9 arpa smentisce se stessa? Memoria corta Cas e qualit\u00e0 dell' aria Fotografie del 25 marzo 2014 Concorso fotografico CAS. I vincitori Cogne Acciai Speciali: Analisi dell'aria Bicincitt\u00e0\u00a0 2013 Se non ci sono problemi per la salute... Inchiesta sull'aria di Aosta. Cogne, Allarme per gli scarichi di\u2026","rel":"","context":"Articolo simile","block_context":{"text":"Articolo simile","link":""},"img":{"alt_text":"","src":"","width":0,"height":0},"classes":[]}],"jetpack_likes_enabled":true,"_links":{"self":[{"href":"https:\/\/www.legambientevda.it\/index.php\/wp-json\/wp\/v2\/pages\/21"}],"collection":[{"href":"https:\/\/www.legambientevda.it\/index.php\/wp-json\/wp\/v2\/pages"}],"about":[{"href":"https:\/\/www.legambientevda.it\/index.php\/wp-json\/wp\/v2\/types\/page"}],"author":[{"embeddable":true,"href":"https:\/\/www.legambientevda.it\/index.php\/wp-json\/wp\/v2\/users\/1"}],"replies":[{"embeddable":true,"href":"https:\/\/www.legambientevda.it\/index.php\/wp-json\/wp\/v2\/comments?post=21"}],"version-history":[{"count":3,"href":"https:\/\/www.legambientevda.it\/index.php\/wp-json\/wp\/v2\/pages\/21\/revisions"}],"predecessor-version":[{"id":1768,"href":"https:\/\/www.legambientevda.it\/index.php\/wp-json\/wp\/v2\/pages\/21\/revisions\/1768"}],"wp:attachment":[{"href":"https:\/\/www.legambientevda.it\/index.php\/wp-json\/wp\/v2\/media?parent=21"}],"curies":[{"name":"wp","href":"https:\/\/api.w.org\/{rel}","templated":true}]}}

<p>Il Circolo Legambiente Valle d&#8217;Aosta nasce agli inizi del 2001, pochi mesi dopo l&#8217;alluvione che devastò la nostra regione.<br />
In quell&#8217;occasione ci si rese conto che non esistevano sul nostro territorio associazioni ambientaliste operative e lo stimolo del dibattito che si era venuto a creare a seguito dell&#8217;alluvione fu la molla determinante a far nascere la nostra struttura. Non a caso la prima manifestazione pubblica del Circolo avvenne sulla strada tra Pollein e Plan Felinaz, sul ponte sopra il torrente Comboé, per denunciare il fatto che, a distanza di otto mesi dalla tragedia, non era ancora stato reso funzionante il sistema di sirene di allarme per proteggere i due paesi da un nuovo possibile evento calamitoso.</p>
<p>Il primo presidente di Legambiente VdA è stato Paolo Fedi; dal 2006 è subentrata Maria Pia Simonetti e dal 2010 al 2017 la direzione è stata in mano ad Alessandra Piccioni. Il Circolo è attialmente diretto da Denis Buttol, coadiuvato dalla vicepresidente Ornella Canesso e dal segretario Paolo Fedi.<br />
In questi anni il Circolo si è ingrandito fino a essere il più grande del Comitato interregionale Piemonte Valle d&#8217;Aosta e si è occupato di tantissimi aspetti. Elenchiamo solo alcuni dei grandi temi che caratterizzano il nostro operare:</p>
<ul>
<li>qualità del trasporto pubblico, privato e commerciale: dalla vertenza contro il ritorno dei TIR sotto il Monte Bianco alla promozione del carico/scarico merci in centro ad Aosta attraverso l&#8217;istituzione di un centro di stoccaggio esterno</li>
<li>contenimento della produzione di rifiuti e loro corretto smaltimento: dopo la battaglia e la vittoria contro l&#8217;inceneritore, continuiamo a sostenere processi virtuosi e fattibili che non implichino il trattamento a caldo dei rifiuti, cioè il bruciarli. Siamo pertanto contro l&#8217;ipotesi di un impianto di pirogassificazione</li>
<li>difesa dei luoghi più belli e ancora non saccheggiati del nostro territorio (Comboé, San Grato a Issime, ecc.)</li>
<li>promozione delle energie rinnovabili ma sempre valutando caso per caso, perchè neanche gli impianti di produzione dell&#8217;energia pulita si possono fare ovunque ma bisogna inserirli nei contesti più adatti</li>
<li>sostegno a progetti di cooperazione internazionale con lo Swaziland in Africa</li>
<li>organizzazione di conferenze e convegni ma anche escursioni a piedi e con le racchette da neve per meglio comprendere e valorizzare le bellezze della regione.</li>
</ul>
<p>Insomma, il Circolo sta lavorando a tutto campo e, se si pensa che tutto è svolto a livello di volontariato, quindi nel tempo libero, noi stessi ci meravigliamo di quanto siamo stati in grado di costruire in questi anni. Un impegno sostenuto da circa 200 soci che con la loro adesione annuale garantiscono autonomia finanziaria e sostegno morale al direttivo e al gruppo dei volontari attivi.</p>
<p>Puoi consultare il nostro statuto al seguente link <a href="http://www.legambientevda.it/wp-content/uploads/2019/11/Nuovo-Statuto-2019.pdf">Statuto</a></p>

<p>Il Circolo Legambiente Valle d&#8217;Aosta nasce agli inizi del 2001, pochi mesi dopo l&#8217;alluvione che devastò la nostra regione. In quell&#8217;occasione ci si rese conto che non esistevano sul nostro territorio associazioni ambientaliste operative e lo stimolo del dibattito che si era venuto a creare a seguito dell&#8217;alluvione fu la molla determinante a far nascere &hellip; <a href="https://www.legambientevda.it/index.php/chi-siamo/" class="more-link">Continua la lettura di <span class="screen-reader-text">Chi Siamo</span> <span class="meta-nav">&rarr;</span></a></p>

In questa sezione trovi le sintesi annuali delle attività del Circolo Legambiente Valle d'Aosta. Cliccando sui links si apriranno i files pdf rerlativi ai vari anni. Sintesi 2025 Sintesi 2024 Sintesi 2023 Sintesi 2022 Sintesi 2021 Sintesi - 2020 Sintesi 2019 Sintesi 2018 Sintesi 2017 Sintesi 2016 Sintesi 2014 Sintesi…

Legambiente è nata nel 1980, erede dei primi nuclei ecologisti e del movimento antinucleare che si sviluppò in Italia e in tutto il mondo occidentale nella seconda metà degli anni 70. Tratto distintivo dell'associazione è stato fin dall'inizio l'ambientalismo scientifico, ovvero la scelta di fondare ogni progetto in difesa dell'ambiente…

In questa sezione pubblichiamo materiali e documentazione riguardanti il maggior problema ecologico di questi anni: il riscaldamento progressivo del pianeta, che già sta mostrando i suoi effetti . Informare correttamente i cittadini costituisce il primo passo per contrastarlo. E' necessaria una forte pressione dell'opinione pubblica per spingere i decisori politici…

Memoria corta 2: perché arpa smentisce se stessa? Memoria corta Cas e qualità dell' aria Fotografie del 25 marzo 2014 Concorso fotografico CAS. I vincitori Cogne Acciai Speciali: Analisi dell'aria Bicincittà  2013 Se non ci sono problemi per la salute... Inchiesta sull'aria di Aosta. Cogne, Allarme per gli scarichi di…
