{"id":207,"date":"2016-04-05T12:57:34","date_gmt":"2016-04-05T10:57:34","guid":{"rendered":"http:\/\/www.legambientevda.it\/?page_id=207"},"modified":"2016-05-12T09:52:13","modified_gmt":"2016-05-12T07:52:13","slug":"cogne-acciai-speciali","status":"publish","type":"page","link":"https:\/\/www.legambientevda.it\/index.php\/aria\/cogne-acciai-speciali\/","title":{"rendered":"Cogne Acciai Speciali"},"content":{"rendered":"<ul>\n<li><a href=\"http:\/\/www.legambientevda.it\/index.php\/2016\/03\/15\/memoria-corta-2-perche-arpa-smentisce-se-stessa\/\" target=\"_blank\">Memoria corta 2: perch\u00e9 arpa smentisce se stessa?<\/a><\/li>\n<li><a href=\"http:\/\/www.legambientevda.it\/index.php\/2016\/03\/13\/memoria-corta\/\" target=\"_blank\">Memoria corta<\/a><\/li>\n<li><a href=\"http:\/\/www.legambientevda.it\/index.php\/2016\/02\/08\/cas-e-qualita-dellaria\/\" target=\"_blank\">Cas e qualit\u00e0 dell&#8217; aria<\/a><\/li>\n<li><a href=\"http:\/\/www.legambientevda.it\/?p=208&amp;preview=true\" target=\"_blank\">Fotografie del 25 marzo 2014<\/a><\/li>\n<li><a href=\"http:\/\/www.legambientevda.it\/?p=214&amp;preview=true\" target=\"_blank\">Concorso fotografico CAS. I vincitori<\/a><\/li>\n<li><a href=\"http:\/\/www.legambientevda.it\/Public\/PdfNotizie\/20131121_comunicato_stampa_cas.pdf\" target=\"_blank\"><span class=\"TitoloNotizia2006\">Cogne Acciai Speciali: Analisi dell&#8217;aria<\/span><\/a><\/li>\n<li><a href=\"http:\/\/www.legambientevda.it\/public\/PdfNotizie\/20130509_CS.pdf\" target=\"_blank\"><span class=\"TitoloNotizia2006\">Bicincitt\u00e0\u00a0 2013<\/span><\/a><\/li>\n<li><a href=\"http:\/\/www.legambientevda.it\/Public\/PdfNotizie\/20121221_aostasera.pdf\" target=\"_blank\"><span class=\"TitoloNotizia2006\">Se non ci sono problemi per la salute&#8230;<\/span><\/a><\/li>\n<li><a href=\"http:\/\/www.legambientevda.it\/Public\/PdfNotizie\/20121218_lastampa.pdf\" target=\"_blank\"><span class=\"TitoloNotizia2006\">Inchiesta sull&#8217;aria di Aosta.<\/span><\/a><\/li>\n<li><a href=\"http:\/\/www.legambientevda.it\/Public\/PdfNotizie\/20121218_lastampa2.pdf\" target=\"_blank\"><span class=\"TitoloNotizia2006\">Cogne, Allarme per gli scarichi di veleni nell&#8217;aria<\/span><\/a><\/li>\n<li><a href=\"http:\/\/www.legambientevda.it\/Public\/PdfNotizie\/20121217_ansa2.pdf\" target=\"_blank\"><span class=\"TitoloNotizia2006\">Rinnovata AIA CAS, interventi per diossine e PM10<\/span><\/a><\/li>\n<li><a href=\"http:\/\/www.legambientevda.it\/Public\/PdfNotizie\/20121217_ansa1.pdf\" target=\"_blank\"><span class=\"TitoloNotizia2006\">Procura indaga su aria Aosta<\/span><\/a><\/li>\n<li><a href=\"http:\/\/www.legambientevda.it\/Public\/PdfNotizie\/20121218_lastampa.pdf\" target=\"_blank\"><span class=\"TitoloNotizia2006\">Inchiesta sull&#8217;aria di Aosta<\/span><\/a><\/li>\n<li><a href=\"http:\/\/www.legambientevda.it\/Public\/PdfNotizie\/20121211_lastampa.pdf\" target=\"_blank\"><span class=\"TitoloNotizia2006\">L&#8217;aria di Aosta sta peggiorando<\/span><\/a><\/li>\n<li><a href=\"http:\/\/www.legambientevda.it\/Public\/PdfNotizie\/20121211_aostasera.pdf\" target=\"_blank\"><span class=\"TitoloNotizia2006\">Legambiente su CAS: serve maggiore trasparenza<\/span><\/a><\/li>\n<li><a href=\"http:\/\/www.legambientevda.it\/Public\/PdfNotizie\/20121210_aostasera.pdf\" target=\"_blank\"><span class=\"TitoloNotizia2006\">Emissioni CAS. ARPA e Regione precisano&#8230;<\/span><\/a><\/li>\n<li><a href=\"http:\/\/www.legambientevda.it\/Public\/PdfNotizie\/20121130_ansa.pdf\" target=\"_blank\"><span class=\"TitoloNotizia2006\">Zublena, chiesto CAS abbassamento limiti<\/span><\/a><\/li>\n<\/ul>\n","protected":false},"excerpt":{"rendered":"<p>Memoria corta 2: perch\u00e9 arpa smentisce se stessa? Memoria corta Cas e qualit\u00e0 dell&#8217; aria Fotografie del 25 marzo 2014 Concorso fotografico CAS. I vincitori Cogne Acciai Speciali: Analisi dell&#8217;aria Bicincitt\u00e0\u00a0 2013 Se non ci sono problemi per la salute&#8230; Inchiesta sull&#8217;aria di Aosta. Cogne, Allarme per gli scarichi di veleni nell&#8217;aria Rinnovata AIA CAS, &hellip; <a href=\"https:\/\/www.legambientevda.it\/index.php\/aria\/cogne-acciai-speciali\/\" class=\"more-link\">Continua la lettura di <span class=\"screen-reader-text\">Cogne Acciai Speciali<\/span> <span class=\"meta-nav\">&rarr;<\/span><\/a><\/p>\n","protected":false},"author":1,"featured_media":0,"parent":203,"menu_order":0,"comment_status":"closed","ping_status":"closed","template":"","meta":{"jetpack_post_was_ever_published":false,"footnotes":""},"jetpack_sharing_enabled":true,"jetpack_shortlink":"https:\/\/wp.me\/P76AmJ-3l","jetpack-related-posts":[{"id":203,"url":"https:\/\/www.legambientevda.it\/index.php\/aria\/","url_meta":{"origin":207,"position":0},"title":"Aria","author":"adminvda","date":"5 Aprile 2016","format":false,"excerpt":"Memoria corta 2: \u00a0perch\u00e9 arpa smentisce se stessa? Memoria corta Cas e qualit\u00e0 dell' aria Mal'aria industriale 2012 Osservatorio della qualit\u00e0 \u00a0dell'aria Diciotto grandi impianti fuorilegge","rel":"","context":"Articolo simile","block_context":{"text":"Articolo simile","link":""},"img":{"alt_text":"","src":"","width":0,"height":0},"classes":[]},{"id":222,"url":"https:\/\/www.legambientevda.it\/index.php\/chavonne\/","url_meta":{"origin":207,"position":1},"title":"Chavonne","author":"adminvda","date":"5 Aprile 2016","format":false,"excerpt":"La CVA rinuncia al progetto di Chavonne. Opposizione di AIW al progetto Chavonne Presentazione CVA","rel":"","context":"Articolo simile","block_context":{"text":"Articolo simile","link":""},"img":{"alt_text":"","src":"","width":0,"height":0},"classes":[]},{"id":184,"url":"https:\/\/www.legambientevda.it\/index.php\/aree-protette\/","url_meta":{"origin":207,"position":2},"title":"Aree Protette","author":"adminvda","date":"5 Aprile 2016","format":false,"excerpt":"Marais, l'area protetta perde i pezzi I SIC diventano ZSC Parco Nazionale dello Stelvio Le zone umide da salvaguardare Les Iles, un esempio di progetti sbagliati Biodiversit\u00e0, la tutela passa dalla conoscenza Scempio continuo spacciato per difesa Biodiversit\u00e0 a rischio 2012 Biodiversit\u00e0 \u00a0a rischio 2011","rel":"","context":"Articolo simile","block_context":{"text":"Articolo simile","link":""},"img":{"alt_text":"","src":"","width":0,"height":0},"classes":[]}],"jetpack_likes_enabled":true,"_links":{"self":[{"href":"https:\/\/www.legambientevda.it\/index.php\/wp-json\/wp\/v2\/pages\/207"}],"collection":[{"href":"https:\/\/www.legambientevda.it\/index.php\/wp-json\/wp\/v2\/pages"}],"about":[{"href":"https:\/\/www.legambientevda.it\/index.php\/wp-json\/wp\/v2\/types\/page"}],"author":[{"embeddable":true,"href":"https:\/\/www.legambientevda.it\/index.php\/wp-json\/wp\/v2\/users\/1"}],"replies":[{"embeddable":true,"href":"https:\/\/www.legambientevda.it\/index.php\/wp-json\/wp\/v2\/comments?post=207"}],"version-history":[{"count":1,"href":"https:\/\/www.legambientevda.it\/index.php\/wp-json\/wp\/v2\/pages\/207\/revisions"}],"predecessor-version":[{"id":220,"href":"https:\/\/www.legambientevda.it\/index.php\/wp-json\/wp\/v2\/pages\/207\/revisions\/220"}],"up":[{"embeddable":true,"href":"https:\/\/www.legambientevda.it\/index.php\/wp-json\/wp\/v2\/pages\/203"}],"wp:attachment":[{"href":"https:\/\/www.legambientevda.it\/index.php\/wp-json\/wp\/v2\/media?parent=207"}],"curies":[{"name":"wp","href":"https:\/\/api.w.org\/{rel}","templated":true}]}}

<ul>
<li><a href="http://www.legambientevda.it/index.php/2016/03/15/memoria-corta-2-perche-arpa-smentisce-se-stessa/" target="_blank">Memoria corta 2: perché arpa smentisce se stessa?</a></li>
<li><a href="http://www.legambientevda.it/index.php/2016/03/13/memoria-corta/" target="_blank">Memoria corta</a></li>
<li><a href="http://www.legambientevda.it/index.php/2016/02/08/cas-e-qualita-dellaria/" target="_blank">Cas e qualità dell&#8217; aria</a></li>
<li><a href="http://www.legambientevda.it/?p=208&amp;preview=true" target="_blank">Fotografie del 25 marzo 2014</a></li>
<li><a href="http://www.legambientevda.it/?p=214&amp;preview=true" target="_blank">Concorso fotografico CAS. I vincitori</a></li>
<li><a href="http://www.legambientevda.it/Public/PdfNotizie/20131121_comunicato_stampa_cas.pdf" target="_blank"><span class="TitoloNotizia2006">Cogne Acciai Speciali: Analisi dell&#8217;aria</span></a></li>
<li><a href="http://www.legambientevda.it/public/PdfNotizie/20130509_CS.pdf" target="_blank"><span class="TitoloNotizia2006">Bicincittà  2013</span></a></li>
<li><a href="http://www.legambientevda.it/Public/PdfNotizie/20121221_aostasera.pdf" target="_blank"><span class="TitoloNotizia2006">Se non ci sono problemi per la salute&#8230;</span></a></li>
<li><a href="http://www.legambientevda.it/Public/PdfNotizie/20121218_lastampa.pdf" target="_blank"><span class="TitoloNotizia2006">Inchiesta sull&#8217;aria di Aosta.</span></a></li>
<li><a href="http://www.legambientevda.it/Public/PdfNotizie/20121218_lastampa2.pdf" target="_blank"><span class="TitoloNotizia2006">Cogne, Allarme per gli scarichi di veleni nell&#8217;aria</span></a></li>
<li><a href="http://www.legambientevda.it/Public/PdfNotizie/20121217_ansa2.pdf" target="_blank"><span class="TitoloNotizia2006">Rinnovata AIA CAS, interventi per diossine e PM10</span></a></li>
<li><a href="http://www.legambientevda.it/Public/PdfNotizie/20121217_ansa1.pdf" target="_blank"><span class="TitoloNotizia2006">Procura indaga su aria Aosta</span></a></li>
<li><a href="http://www.legambientevda.it/Public/PdfNotizie/20121218_lastampa.pdf" target="_blank"><span class="TitoloNotizia2006">Inchiesta sull&#8217;aria di Aosta</span></a></li>
<li><a href="http://www.legambientevda.it/Public/PdfNotizie/20121211_lastampa.pdf" target="_blank"><span class="TitoloNotizia2006">L&#8217;aria di Aosta sta peggiorando</span></a></li>
<li><a href="http://www.legambientevda.it/Public/PdfNotizie/20121211_aostasera.pdf" target="_blank"><span class="TitoloNotizia2006">Legambiente su CAS: serve maggiore trasparenza</span></a></li>
<li><a href="http://www.legambientevda.it/Public/PdfNotizie/20121210_aostasera.pdf" target="_blank"><span class="TitoloNotizia2006">Emissioni CAS. ARPA e Regione precisano&#8230;</span></a></li>
<li><a href="http://www.legambientevda.it/Public/PdfNotizie/20121130_ansa.pdf" target="_blank"><span class="TitoloNotizia2006">Zublena, chiesto CAS abbassamento limiti</span></a></li>
</ul>

<p>Memoria corta 2: perché arpa smentisce se stessa? Memoria corta Cas e qualità dell&#8217; aria Fotografie del 25 marzo 2014 Concorso fotografico CAS. I vincitori Cogne Acciai Speciali: Analisi dell&#8217;aria Bicincittà  2013 Se non ci sono problemi per la salute&#8230; Inchiesta sull&#8217;aria di Aosta. Cogne, Allarme per gli scarichi di veleni nell&#8217;aria Rinnovata AIA CAS, &hellip; <a href="https://www.legambientevda.it/index.php/aria/cogne-acciai-speciali/" class="more-link">Continua la lettura di <span class="screen-reader-text">Cogne Acciai Speciali</span> <span class="meta-nav">&rarr;</span></a></p>

Memoria corta 2:  perché arpa smentisce se stessa? Memoria corta Cas e qualità dell' aria Mal'aria industriale 2012 Osservatorio della qualità  dell'aria Diciotto grandi impianti fuorilegge

Marais, l'area protetta perde i pezzi I SIC diventano ZSC Parco Nazionale dello Stelvio Le zone umide da salvaguardare Les Iles, un esempio di progetti sbagliati Biodiversità, la tutela passa dalla conoscenza Scempio continuo spacciato per difesa Biodiversità a rischio 2012 Biodiversità  a rischio 2011
