{"id":203,"date":"2016-04-05T12:44:58","date_gmt":"2016-04-05T10:44:58","guid":{"rendered":"http:\/\/www.legambientevda.it\/?page_id=203"},"modified":"2016-04-05T12:44:58","modified_gmt":"2016-04-05T10:44:58","slug":"aria","status":"publish","type":"page","link":"https:\/\/www.legambientevda.it\/index.php\/aria\/","title":{"rendered":"Aria"},"content":{"rendered":"<ul>\n<li><a href=\"http:\/\/www.legambientevda.it\/index.php\/2016\/03\/15\/memoria-corta-2-perche-arpa-smentisce-se-stessa\/\" target=\"_blank\">Memoria corta 2: \u00a0perch\u00e9 arpa smentisce se stessa?<\/a><\/li>\n<li><a href=\"http:\/\/www.legambientevda.it\/index.php\/2016\/03\/13\/memoria-corta\/\" target=\"_blank\">Memoria corta<\/a><\/li>\n<li><a href=\"http:\/\/www.legambientevda.it\/index.php\/2016\/02\/08\/cas-e-qualita-dellaria\/\" target=\"_blank\">Cas e qualit\u00e0 dell&#8217; aria<\/a><\/li>\n<li><a href=\"http:\/\/www.legambientevda.it\/Public\/PdfNotizie\/20121221_malaria_industriale.pdf\" target=\"_blank\"><span class=\"TitoloNotizia2006\">Mal&#8217;aria industriale 2012<\/span><\/a><\/li>\n<li><a href=\"http:\/\/www.legambientevda.it\/Public\/PdfNotizie\/20121211_lastampa2.pdf\" target=\"_blank\"><span class=\"TitoloNotizia2006\">Osservatorio della qualit\u00e0 \u00a0dell&#8217;aria<\/span><\/a><\/li>\n<li><span class=\"TitoloNotizia2006\"><a href=\"http:\/\/www.legambientevda.it\/Public\/PdfNotizie\/20121201_repubblica.pdf\" target=\"_blank\">Diciotto grandi impianti fuorilegge<\/a><\/span><\/li>\n<\/ul>\n","protected":false},"excerpt":{"rendered":"<p>Memoria corta 2: \u00a0perch\u00e9 arpa smentisce se stessa? Memoria corta Cas e qualit\u00e0 dell&#8217; aria Mal&#8217;aria industriale 2012 Osservatorio della qualit\u00e0 \u00a0dell&#8217;aria Diciotto grandi impianti fuorilegge<\/p>\n","protected":false},"author":1,"featured_media":0,"parent":0,"menu_order":0,"comment_status":"closed","ping_status":"closed","template":"","meta":{"jetpack_post_was_ever_published":false,"footnotes":""},"jetpack_sharing_enabled":true,"jetpack_shortlink":"https:\/\/wp.me\/P76AmJ-3h","jetpack-related-posts":[{"id":207,"url":"https:\/\/www.legambientevda.it\/index.php\/aria\/cogne-acciai-speciali\/","url_meta":{"origin":203,"position":0},"title":"Cogne Acciai Speciali","author":"adminvda","date":"5 Aprile 2016","format":false,"excerpt":"Memoria corta 2: perch\u00e9 arpa smentisce se stessa? Memoria corta Cas e qualit\u00e0 dell' aria Fotografie del 25 marzo 2014 Concorso fotografico CAS. I vincitori Cogne Acciai Speciali: Analisi dell'aria Bicincitt\u00e0\u00a0 2013 Se non ci sono problemi per la salute... Inchiesta sull'aria di Aosta. Cogne, Allarme per gli scarichi di\u2026","rel":"","context":"Articolo simile","block_context":{"text":"Articolo simile","link":""},"img":{"alt_text":"","src":"","width":0,"height":0},"classes":[]},{"id":21,"url":"https:\/\/www.legambientevda.it\/index.php\/chi-siamo\/","url_meta":{"origin":203,"position":1},"title":"Chi Siamo","author":"adminvda","date":"7 Gennaio 2016","format":false,"excerpt":"Il Circolo Legambiente Valle d'Aosta nasce agli inizi del 2001, pochi mesi dopo l'alluvione che devast\u00f2 la nostra regione. In quell'occasione ci si rese conto che non esistevano sul nostro territorio associazioni ambientaliste operative e lo stimolo del dibattito che si era venuto a creare a seguito dell'alluvione fu la\u2026","rel":"","context":"Articolo simile","block_context":{"text":"Articolo simile","link":""},"img":{"alt_text":"","src":"","width":0,"height":0},"classes":[]},{"id":222,"url":"https:\/\/www.legambientevda.it\/index.php\/chavonne\/","url_meta":{"origin":203,"position":2},"title":"Chavonne","author":"adminvda","date":"5 Aprile 2016","format":false,"excerpt":"La CVA rinuncia al progetto di Chavonne. Opposizione di AIW al progetto Chavonne Presentazione CVA","rel":"","context":"Articolo simile","block_context":{"text":"Articolo simile","link":""},"img":{"alt_text":"","src":"","width":0,"height":0},"classes":[]}],"jetpack_likes_enabled":true,"_links":{"self":[{"href":"https:\/\/www.legambientevda.it\/index.php\/wp-json\/wp\/v2\/pages\/203"}],"collection":[{"href":"https:\/\/www.legambientevda.it\/index.php\/wp-json\/wp\/v2\/pages"}],"about":[{"href":"https:\/\/www.legambientevda.it\/index.php\/wp-json\/wp\/v2\/types\/page"}],"author":[{"embeddable":true,"href":"https:\/\/www.legambientevda.it\/index.php\/wp-json\/wp\/v2\/users\/1"}],"replies":[{"embeddable":true,"href":"https:\/\/www.legambientevda.it\/index.php\/wp-json\/wp\/v2\/comments?post=203"}],"version-history":[{"count":2,"href":"https:\/\/www.legambientevda.it\/index.php\/wp-json\/wp\/v2\/pages\/203\/revisions"}],"predecessor-version":[{"id":205,"href":"https:\/\/www.legambientevda.it\/index.php\/wp-json\/wp\/v2\/pages\/203\/revisions\/205"}],"wp:attachment":[{"href":"https:\/\/www.legambientevda.it\/index.php\/wp-json\/wp\/v2\/media?parent=203"}],"curies":[{"name":"wp","href":"https:\/\/api.w.org\/{rel}","templated":true}]}}

<ul>
<li><a href="http://www.legambientevda.it/index.php/2016/03/15/memoria-corta-2-perche-arpa-smentisce-se-stessa/" target="_blank">Memoria corta 2:  perché arpa smentisce se stessa?</a></li>
<li><a href="http://www.legambientevda.it/index.php/2016/03/13/memoria-corta/" target="_blank">Memoria corta</a></li>
<li><a href="http://www.legambientevda.it/index.php/2016/02/08/cas-e-qualita-dellaria/" target="_blank">Cas e qualità dell&#8217; aria</a></li>
<li><a href="http://www.legambientevda.it/Public/PdfNotizie/20121221_malaria_industriale.pdf" target="_blank"><span class="TitoloNotizia2006">Mal&#8217;aria industriale 2012</span></a></li>
<li><a href="http://www.legambientevda.it/Public/PdfNotizie/20121211_lastampa2.pdf" target="_blank"><span class="TitoloNotizia2006">Osservatorio della qualità  dell&#8217;aria</span></a></li>
<li><span class="TitoloNotizia2006"><a href="http://www.legambientevda.it/Public/PdfNotizie/20121201_repubblica.pdf" target="_blank">Diciotto grandi impianti fuorilegge</a></span></li>
</ul>

<p>Memoria corta 2:  perché arpa smentisce se stessa? Memoria corta Cas e qualità dell&#8217; aria Mal&#8217;aria industriale 2012 Osservatorio della qualità  dell&#8217;aria Diciotto grandi impianti fuorilegge</p>

Memoria corta 2: perché arpa smentisce se stessa? Memoria corta Cas e qualità dell' aria Fotografie del 25 marzo 2014 Concorso fotografico CAS. I vincitori Cogne Acciai Speciali: Analisi dell'aria Bicincittà  2013 Se non ci sono problemi per la salute... Inchiesta sull'aria di Aosta. Cogne, Allarme per gli scarichi di…

Il Circolo Legambiente Valle d'Aosta nasce agli inizi del 2001, pochi mesi dopo l'alluvione che devastò la nostra regione. In quell'occasione ci si rese conto che non esistevano sul nostro territorio associazioni ambientaliste operative e lo stimolo del dibattito che si era venuto a creare a seguito dell'alluvione fu la…
