{"id":150,"date":"2016-04-01T12:14:40","date_gmt":"2016-04-01T10:14:40","guid":{"rendered":"http:\/\/www.legambientevda.it\/?page_id=150"},"modified":"2026-02-13T22:33:35","modified_gmt":"2026-02-13T21:33:35","slug":"diventa-socio","status":"publish","type":"page","link":"https:\/\/www.legambientevda.it\/index.php\/diventa-socio\/","title":{"rendered":"Diventa Socio"},"content":{"rendered":"<div>\n<ul>\n<li>SOCIO JUNIOR Fino a 17 anni (nati dal 2009 in poi) &#8211; \u20ac10,00<\/li>\n<\/ul>\n<ul>\n<li>SOCIO GIOVANE Da 18 a 35 anni &#8211; (nati dal 1991 al 2008) con abbonamento omaggio a La Nuova Ecologia &#8211; \u20ac15,00<\/li>\n<\/ul>\n<ul>\n<li>SOCIO ORDINARIO con abbonamento a La Nuova Ecologia &#8211; \u20ac30,00<\/li>\n<li>SOCIO ORDINARIO &#8211; \u20ac20,00<\/li>\n<li>SOCIO SCUOLA E FORMAZIONE con abbonamento a La Nuova Ecologia &#8211; \u20ac30,00<\/li>\n<li>SOCIO SCUOLA E FORMAZIONE &#8211; \u20ac20,00<\/li>\n<li>SOCIO SOSTENITORE con abbonamento a La Nuova Ecologia \u20ac80,00<\/li>\n<li>SOCIO SOSTENITORE \u20ac70,00<\/li>\n<\/ul>\n<p>La tessera sostenitore sostiene i progetti per la tutela della biodiversit\u00e0.<\/p>\n<p>Scegliendo la tessera socio sostenitore, quest&#8217;anno i soci contribuiranno a sostenere i progetti della rete Legambiente Natura: 60 aree naturalistiche, diffuse su tutto il territorio nazionale, dove i volontari svolgono attivit\u00e0 di tutela della biodiversit\u00e0 e promuovono lo sviluppo sostenibile locale, l\u2019educazione ambientale, la fruizione turistica sostenibile con una particolare attenzione all\u2019accoglienza dei disabili ed ai servizi dedicati ai bambini e agli anziani.<\/p>\n<\/div>\n<p>E\u2019 possibile iscriversi prendendo contatto via mail o telefono, o direttamente tramite bonifico bancario al seguente IBAN:<\/p>\n<p>IT28M0200801210000102347587<\/p>\n<p>intestato a \u201cCircolo Legambiente Valle d&#8217;Aosta\u201d.<\/p>\n<p>IMPORTANTE! In caso di nuova iscrizione, nella causale inserire indirizzo e indirizzo mail.<\/p>\n","protected":false},"excerpt":{"rendered":"<p>SOCIO JUNIOR Fino a 17 anni (nati dal 2009 in poi) &#8211; \u20ac10,00 SOCIO GIOVANE Da 18 a 35 anni &#8211; (nati dal 1991 al 2008) con abbonamento omaggio a La Nuova Ecologia &#8211; \u20ac15,00 SOCIO ORDINARIO con abbonamento a La Nuova Ecologia &#8211; \u20ac30,00 SOCIO ORDINARIO &#8211; \u20ac20,00 SOCIO SCUOLA E FORMAZIONE con abbonamento &hellip; <a href=\"https:\/\/www.legambientevda.it\/index.php\/diventa-socio\/\" class=\"more-link\">Continua la lettura di <span class=\"screen-reader-text\">Diventa Socio<\/span> <span class=\"meta-nav\">&rarr;<\/span><\/a><\/p>\n","protected":false},"author":1,"featured_media":0,"parent":0,"menu_order":0,"comment_status":"closed","ping_status":"closed","template":"","meta":{"jetpack_post_was_ever_published":false,"footnotes":""},"jetpack_sharing_enabled":true,"jetpack_shortlink":"https:\/\/wp.me\/P76AmJ-2q","jetpack-related-posts":[{"id":184,"url":"https:\/\/www.legambientevda.it\/index.php\/aree-protette\/","url_meta":{"origin":150,"position":0},"title":"Aree Protette","author":"adminvda","date":"5 Aprile 2016","format":false,"excerpt":"Marais, l'area protetta perde i pezzi I SIC diventano ZSC Parco Nazionale dello Stelvio Le zone umide da salvaguardare Les Iles, un esempio di progetti sbagliati Biodiversit\u00e0, la tutela passa dalla conoscenza Scempio continuo spacciato per difesa Biodiversit\u00e0 a rischio 2012 Biodiversit\u00e0 \u00a0a rischio 2011","rel":"","context":"Articolo simile","block_context":{"text":"Articolo simile","link":""},"img":{"alt_text":"","src":"","width":0,"height":0},"classes":[]},{"id":222,"url":"https:\/\/www.legambientevda.it\/index.php\/chavonne\/","url_meta":{"origin":150,"position":1},"title":"Chavonne","author":"adminvda","date":"5 Aprile 2016","format":false,"excerpt":"La CVA rinuncia al progetto di Chavonne. Opposizione di AIW al progetto Chavonne Presentazione CVA","rel":"","context":"Articolo simile","block_context":{"text":"Articolo simile","link":""},"img":{"alt_text":"","src":"","width":0,"height":0},"classes":[]},{"id":1312,"url":"https:\/\/www.legambientevda.it\/index.php\/bilanci-e-relazioni-di-missione\/","url_meta":{"origin":150,"position":2},"title":"bilanci e relazioni di missione","author":"adminvda","date":"17 Maggio 2022","format":false,"excerpt":"In ottemperanza alla nuova legislazione relativa al terzo settore, pubblichiamo in questa pagina bilanci annuali e relazioni di missione a partire dall'anno 2021. \u00a0Trovi le Sintesi annuali (i documenti che riassumono le attivit\u00e0 svolte nell\u2019anno indicato) a partire dal 2013 nella pagina COSA FACCIAMO. Bilancio 2021 Modello D Relazione di\u2026","rel":"","context":"Articolo simile","block_context":{"text":"Articolo simile","link":""},"img":{"alt_text":"","src":"","width":0,"height":0},"classes":[]},{"id":21,"url":"https:\/\/www.legambientevda.it\/index.php\/chi-siamo\/","url_meta":{"origin":150,"position":3},"title":"Chi Siamo","author":"adminvda","date":"7 Gennaio 2016","format":false,"excerpt":"Il Circolo Legambiente Valle d'Aosta nasce agli inizi del 2001, pochi mesi dopo l'alluvione che devast\u00f2 la nostra regione. In quell'occasione ci si rese conto che non esistevano sul nostro territorio associazioni ambientaliste operative e lo stimolo del dibattito che si era venuto a creare a seguito dell'alluvione fu la\u2026","rel":"","context":"Articolo simile","block_context":{"text":"Articolo simile","link":""},"img":{"alt_text":"","src":"","width":0,"height":0},"classes":[]}],"jetpack_likes_enabled":true,"_links":{"self":[{"href":"https:\/\/www.legambientevda.it\/index.php\/wp-json\/wp\/v2\/pages\/150"}],"collection":[{"href":"https:\/\/www.legambientevda.it\/index.php\/wp-json\/wp\/v2\/pages"}],"about":[{"href":"https:\/\/www.legambientevda.it\/index.php\/wp-json\/wp\/v2\/types\/page"}],"author":[{"embeddable":true,"href":"https:\/\/www.legambientevda.it\/index.php\/wp-json\/wp\/v2\/users\/1"}],"replies":[{"embeddable":true,"href":"https:\/\/www.legambientevda.it\/index.php\/wp-json\/wp\/v2\/comments?post=150"}],"version-history":[{"count":3,"href":"https:\/\/www.legambientevda.it\/index.php\/wp-json\/wp\/v2\/pages\/150\/revisions"}],"predecessor-version":[{"id":1770,"href":"https:\/\/www.legambientevda.it\/index.php\/wp-json\/wp\/v2\/pages\/150\/revisions\/1770"}],"wp:attachment":[{"href":"https:\/\/www.legambientevda.it\/index.php\/wp-json\/wp\/v2\/media?parent=150"}],"curies":[{"name":"wp","href":"https:\/\/api.w.org\/{rel}","templated":true}]}}

<div>
<ul>
<li>SOCIO JUNIOR Fino a 17 anni (nati dal 2009 in poi) &#8211; €10,00</li>
</ul>
<ul>
<li>SOCIO GIOVANE Da 18 a 35 anni &#8211; (nati dal 1991 al 2008) con abbonamento omaggio a La Nuova Ecologia &#8211; €15,00</li>
</ul>
<ul>
<li>SOCIO ORDINARIO con abbonamento a La Nuova Ecologia &#8211; €30,00</li>
<li>SOCIO ORDINARIO &#8211; €20,00</li>
<li>SOCIO SCUOLA E FORMAZIONE con abbonamento a La Nuova Ecologia &#8211; €30,00</li>
<li>SOCIO SCUOLA E FORMAZIONE &#8211; €20,00</li>
<li>SOCIO SOSTENITORE con abbonamento a La Nuova Ecologia €80,00</li>
<li>SOCIO SOSTENITORE €70,00</li>
</ul>
<p>La tessera sostenitore sostiene i progetti per la tutela della biodiversità.</p>
<p>Scegliendo la tessera socio sostenitore, quest&#8217;anno i soci contribuiranno a sostenere i progetti della rete Legambiente Natura: 60 aree naturalistiche, diffuse su tutto il territorio nazionale, dove i volontari svolgono attività di tutela della biodiversità e promuovono lo sviluppo sostenibile locale, l’educazione ambientale, la fruizione turistica sostenibile con una particolare attenzione all’accoglienza dei disabili ed ai servizi dedicati ai bambini e agli anziani.</p>
</div>
<p>E’ possibile iscriversi prendendo contatto via mail o telefono, o direttamente tramite bonifico bancario al seguente IBAN:</p>
<p>IT28M0200801210000102347587</p>
<p>intestato a “Circolo Legambiente Valle d&#8217;Aosta”.</p>
<p>IMPORTANTE! In caso di nuova iscrizione, nella causale inserire indirizzo e indirizzo mail.</p>

Marais, l'area protetta perde i pezzi I SIC diventano ZSC Parco Nazionale dello Stelvio Le zone umide da salvaguardare Les Iles, un esempio di progetti sbagliati Biodiversità, la tutela passa dalla conoscenza Scempio continuo spacciato per difesa Biodiversità a rischio 2012 Biodiversità  a rischio 2011

In ottemperanza alla nuova legislazione relativa al terzo settore, pubblichiamo in questa pagina bilanci annuali e relazioni di missione a partire dall'anno 2021.  Trovi le Sintesi annuali (i documenti che riassumono le attività svolte nell’anno indicato) a partire dal 2013 nella pagina COSA FACCIAMO. Bilancio 2021 Modello D Relazione di…

Il Circolo Legambiente Valle d'Aosta nasce agli inizi del 2001, pochi mesi dopo l'alluvione che devastò la nostra regione. In quell'occasione ci si rese conto che non esistevano sul nostro territorio associazioni ambientaliste operative e lo stimolo del dibattito che si era venuto a creare a seguito dell'alluvione fu la…
