{"id":1003,"date":"2019-11-01T11:41:02","date_gmt":"2019-11-01T10:41:02","guid":{"rendered":"http:\/\/www.legambientevda.it\/?page_id=1003"},"modified":"2019-11-01T11:41:02","modified_gmt":"2019-11-01T10:41:02","slug":"cambiamento-climatico","status":"publish","type":"page","link":"https:\/\/www.legambientevda.it\/index.php\/cambiamento-climatico\/","title":{"rendered":"Cambiamento climatico"},"content":{"rendered":"\n<p>In questa sezione pubblichiamo materiali e documentazione riguardanti il maggior problema ecologico di questi anni: il riscaldamento progressivo del pianeta, che gi\u00e0 sta mostrando i suoi effetti . Informare correttamente i cittadini costituisce il primo passo per contrastarlo. E&#8217; necessaria una forte pressione dell&#8217;opinione pubblica per spingere i decisori politici a compiere quelle scelte coraggiose che si rendono neccessarie per fermare la febbre del pianeta.<\/p>\n<p>Per inaugurare la sezione, pubblichiamo i link di rassegna stampa\/media sulla recente iniziativa di Legambiente, svoltasi alla fine di settembre 2019, &#8220;Requiem per un ghiacciaio che sta per morire&#8221;, che ha toccato anche la nostra regione, con l&#8217;iniziativa promossa ai piedi del ghiacciaio del Lys.<\/p>\n<p>Il servizio di Sky tg 24 sul Requiem al Ghiacciaio del Lys, con Vanda Bonardo, responsabile nazionale Alpi di Legambiente :<\/p>\n<p><a href=\"https:\/\/video.sky.it\/news\/cronaca\/emergenza-ghiacciai-il-funerale-del-lyss\/v540857.vid\">https:\/\/video.sky.it\/news\/cronaca\/emergenza-ghiacciai-il-funerale-del-lyss\/v540857.vid<\/a><\/p>\n<p>Speciale ghiacciai:<\/p>\n<p><a href=\"https:\/\/video.sky.it\/news\/cronaca\/ghiacciao-del-lys-in-agonia-si-celebra-la-veglia-funebre\/v541037.vid\">https:\/\/video.sky.it\/news\/cronaca\/ghiacciao-del-lys-in-agonia-si-celebra-la-veglia-funebre\/v541037.vid<\/a><\/p>\n<p>Sevizi di RAI 1 e RAI 3 :<\/p>\n<p><a href=\"http:\/\/www.rai.it\/dl\/RaiTV\/programmi\/media\/ContentItem-6be2ffb7-0ac1-4395-9e27-f7536e611cc0-tg1.html\">http:\/\/www.rai.it\/dl\/RaiTV\/programmi\/media\/ContentItem-6be2ffb7-0ac1-4395-9e27-f7536e611cc0-tg1.html<\/a><\/p>\n<p><a href=\"https:\/\/www.facebook.com\/tg3rai\/videos\/veglia-funebre-per-il-ghiacciaio\/352400305488702\/\">https:\/\/www.facebook.com\/tg3rai\/videos\/veglia-funebre-per-il-ghiacciaio\/352400305488702\/<\/a><\/p>\n<p>RAI News 24:<\/p>\n<p><a href=\"http:\/\/www.rainews.it\/dl\/rainews\/media\/Clima-Un-centinaio-di-persone-partecipano-alla-veglia-funebre-per-il-ghiacciaio-del-Lys-organizzata-da-Legambiente-0ace745e-7822-4e42-b3d6-d15ae311a45b.html\">http:\/\/www.rainews.it\/dl\/rainews\/media\/Clima-Un-centinaio-di-persone-partecipano-alla-veglia-funebre-per-il-ghiacciaio-del-Lys-organizzata-da-Legambiente-0ace745e-7822-4e42-b3d6-d15ae311a45b.html<\/a><\/p>\n<p>\u00a0<\/p>\n<p>\u00a0<\/p>\n<p>\u00a0<\/p>\n","protected":false},"excerpt":{"rendered":"<p>In questa sezione pubblichiamo materiali e documentazione riguardanti il maggior problema ecologico di questi anni: il riscaldamento progressivo del pianeta, che gi\u00e0 sta mostrando i suoi effetti . Informare correttamente i cittadini costituisce il primo passo per contrastarlo. E&#8217; necessaria una forte pressione dell&#8217;opinione pubblica per spingere i decisori politici a compiere quelle scelte coraggiose &hellip; <a href=\"https:\/\/www.legambientevda.it\/index.php\/cambiamento-climatico\/\" class=\"more-link\">Continua la lettura di <span class=\"screen-reader-text\">Cambiamento climatico<\/span> <span class=\"meta-nav\">&rarr;<\/span><\/a><\/p>\n","protected":false},"author":1,"featured_media":0,"parent":0,"menu_order":0,"comment_status":"closed","ping_status":"closed","template":"","meta":{"jetpack_post_was_ever_published":false,"footnotes":""},"jetpack_sharing_enabled":true,"jetpack_shortlink":"https:\/\/wp.me\/P76AmJ-gb","jetpack-related-posts":[{"id":1312,"url":"https:\/\/www.legambientevda.it\/index.php\/bilanci-e-relazioni-di-missione\/","url_meta":{"origin":1003,"position":0},"title":"bilanci e relazioni di missione","author":"adminvda","date":"17 Maggio 2022","format":false,"excerpt":"In ottemperanza alla nuova legislazione relativa al terzo settore, pubblichiamo in questa pagina bilanci annuali e relazioni di missione a partire dall'anno 2021. \u00a0Trovi le Sintesi annuali (i documenti che riassumono le attivit\u00e0 svolte nell\u2019anno indicato) a partire dal 2013 nella pagina COSA FACCIAMO. Bilancio 2021 Modello D Relazione di\u2026","rel":"","context":"Articolo simile","block_context":{"text":"Articolo simile","link":""},"img":{"alt_text":"","src":"","width":0,"height":0},"classes":[]},{"id":839,"url":"https:\/\/www.legambientevda.it\/index.php\/vispo-materiali-informativi\/","url_meta":{"origin":1003,"position":1},"title":"VISPO-MATERIALI INFORMATIVI","author":"adminvda","date":"3 Marzo 2019","format":false,"excerpt":"In questa sezione trovi i materiali informativi sul progetto VISPO. brochure vispo VDAScarica Presentazione VisPO VDA 02-03Scarica","rel":"","context":"Articolo simile","block_context":{"text":"Articolo simile","link":""},"img":{"alt_text":"","src":"","width":0,"height":0},"classes":[]},{"id":597,"url":"https:\/\/www.legambientevda.it\/index.php\/cosa-facciamo\/","url_meta":{"origin":1003,"position":2},"title":"COSA FACCIAMO","author":"adminvda","date":"4 Dicembre 2017","format":false,"excerpt":"In questa sezione trovi le sintesi annuali delle attivit\u00e0 del Circolo Legambiente Valle d'Aosta. Cliccando sui links si apriranno i files pdf rerlativi ai vari anni. Sintesi 2025 Sintesi 2024 Sintesi 2023 Sintesi 2022 Sintesi 2021 Sintesi - 2020 Sintesi 2019 Sintesi 2018 Sintesi 2017 Sintesi 2016 Sintesi 2014 Sintesi\u2026","rel":"","context":"Articolo simile","block_context":{"text":"Articolo simile","link":""},"img":{"alt_text":"","src":"","width":0,"height":0},"classes":[]},{"id":207,"url":"https:\/\/www.legambientevda.it\/index.php\/aria\/cogne-acciai-speciali\/","url_meta":{"origin":1003,"position":3},"title":"Cogne Acciai Speciali","author":"adminvda","date":"5 Aprile 2016","format":false,"excerpt":"Memoria corta 2: perch\u00e9 arpa smentisce se stessa? Memoria corta Cas e qualit\u00e0 dell' aria Fotografie del 25 marzo 2014 Concorso fotografico CAS. I vincitori Cogne Acciai Speciali: Analisi dell'aria Bicincitt\u00e0\u00a0 2013 Se non ci sono problemi per la salute... Inchiesta sull'aria di Aosta. Cogne, Allarme per gli scarichi di\u2026","rel":"","context":"Articolo simile","block_context":{"text":"Articolo simile","link":""},"img":{"alt_text":"","src":"","width":0,"height":0},"classes":[]},{"id":21,"url":"https:\/\/www.legambientevda.it\/index.php\/chi-siamo\/","url_meta":{"origin":1003,"position":4},"title":"Chi Siamo","author":"adminvda","date":"7 Gennaio 2016","format":false,"excerpt":"Il Circolo Legambiente Valle d'Aosta nasce agli inizi del 2001, pochi mesi dopo l'alluvione che devast\u00f2 la nostra regione. In quell'occasione ci si rese conto che non esistevano sul nostro territorio associazioni ambientaliste operative e lo stimolo del dibattito che si era venuto a creare a seguito dell'alluvione fu la\u2026","rel":"","context":"Articolo simile","block_context":{"text":"Articolo simile","link":""},"img":{"alt_text":"","src":"","width":0,"height":0},"classes":[]},{"id":184,"url":"https:\/\/www.legambientevda.it\/index.php\/aree-protette\/","url_meta":{"origin":1003,"position":5},"title":"Aree Protette","author":"adminvda","date":"5 Aprile 2016","format":false,"excerpt":"Marais, l'area protetta perde i pezzi I SIC diventano ZSC Parco Nazionale dello Stelvio Le zone umide da salvaguardare Les Iles, un esempio di progetti sbagliati Biodiversit\u00e0, la tutela passa dalla conoscenza Scempio continuo spacciato per difesa Biodiversit\u00e0 a rischio 2012 Biodiversit\u00e0 \u00a0a rischio 2011","rel":"","context":"Articolo simile","block_context":{"text":"Articolo simile","link":""},"img":{"alt_text":"","src":"","width":0,"height":0},"classes":[]}],"jetpack_likes_enabled":true,"_links":{"self":[{"href":"https:\/\/www.legambientevda.it\/index.php\/wp-json\/wp\/v2\/pages\/1003"}],"collection":[{"href":"https:\/\/www.legambientevda.it\/index.php\/wp-json\/wp\/v2\/pages"}],"about":[{"href":"https:\/\/www.legambientevda.it\/index.php\/wp-json\/wp\/v2\/types\/page"}],"author":[{"embeddable":true,"href":"https:\/\/www.legambientevda.it\/index.php\/wp-json\/wp\/v2\/users\/1"}],"replies":[{"embeddable":true,"href":"https:\/\/www.legambientevda.it\/index.php\/wp-json\/wp\/v2\/comments?post=1003"}],"version-history":[{"count":1,"href":"https:\/\/www.legambientevda.it\/index.php\/wp-json\/wp\/v2\/pages\/1003\/revisions"}],"predecessor-version":[{"id":1004,"href":"https:\/\/www.legambientevda.it\/index.php\/wp-json\/wp\/v2\/pages\/1003\/revisions\/1004"}],"wp:attachment":[{"href":"https:\/\/www.legambientevda.it\/index.php\/wp-json\/wp\/v2\/media?parent=1003"}],"curies":[{"name":"wp","href":"https:\/\/api.w.org\/{rel}","templated":true}]}}

<p>In questa sezione pubblichiamo materiali e documentazione riguardanti il maggior problema ecologico di questi anni: il riscaldamento progressivo del pianeta, che già sta mostrando i suoi effetti . Informare correttamente i cittadini costituisce il primo passo per contrastarlo. E&#8217; necessaria una forte pressione dell&#8217;opinione pubblica per spingere i decisori politici a compiere quelle scelte coraggiose che si rendono neccessarie per fermare la febbre del pianeta.</p>
<p>Per inaugurare la sezione, pubblichiamo i link di rassegna stampa/media sulla recente iniziativa di Legambiente, svoltasi alla fine di settembre 2019, &#8220;Requiem per un ghiacciaio che sta per morire&#8221;, che ha toccato anche la nostra regione, con l&#8217;iniziativa promossa ai piedi del ghiacciaio del Lys.</p>
<p>Il servizio di Sky tg 24 sul Requiem al Ghiacciaio del Lys, con Vanda Bonardo, responsabile nazionale Alpi di Legambiente :</p>
<p><a href="https://video.sky.it/news/cronaca/emergenza-ghiacciai-il-funerale-del-lyss/v540857.vid">https://video.sky.it/news/cronaca/emergenza-ghiacciai-il-funerale-del-lyss/v540857.vid</a></p>
<p>Speciale ghiacciai:</p>
<p><a href="https://video.sky.it/news/cronaca/ghiacciao-del-lys-in-agonia-si-celebra-la-veglia-funebre/v541037.vid">https://video.sky.it/news/cronaca/ghiacciao-del-lys-in-agonia-si-celebra-la-veglia-funebre/v541037.vid</a></p>
<p>Sevizi di RAI 1 e RAI 3 :</p>
<p><a href="http://www.rai.it/dl/RaiTV/programmi/media/ContentItem-6be2ffb7-0ac1-4395-9e27-f7536e611cc0-tg1.html">http://www.rai.it/dl/RaiTV/programmi/media/ContentItem-6be2ffb7-0ac1-4395-9e27-f7536e611cc0-tg1.html</a></p>
<p><a href="https://www.facebook.com/tg3rai/videos/veglia-funebre-per-il-ghiacciaio/352400305488702/">https://www.facebook.com/tg3rai/videos/veglia-funebre-per-il-ghiacciaio/352400305488702/</a></p>
<p>RAI News 24:</p>
<p><a href="http://www.rainews.it/dl/rainews/media/Clima-Un-centinaio-di-persone-partecipano-alla-veglia-funebre-per-il-ghiacciaio-del-Lys-organizzata-da-Legambiente-0ace745e-7822-4e42-b3d6-d15ae311a45b.html">http://www.rainews.it/dl/rainews/media/Clima-Un-centinaio-di-persone-partecipano-alla-veglia-funebre-per-il-ghiacciaio-del-Lys-organizzata-da-Legambiente-0ace745e-7822-4e42-b3d6-d15ae311a45b.html</a></p>
<p> </p>
<p> </p>
<p> </p>

<p>In questa sezione pubblichiamo materiali e documentazione riguardanti il maggior problema ecologico di questi anni: il riscaldamento progressivo del pianeta, che già sta mostrando i suoi effetti . Informare correttamente i cittadini costituisce il primo passo per contrastarlo. E&#8217; necessaria una forte pressione dell&#8217;opinione pubblica per spingere i decisori politici a compiere quelle scelte coraggiose &hellip; <a href="https://www.legambientevda.it/index.php/cambiamento-climatico/" class="more-link">Continua la lettura di <span class="screen-reader-text">Cambiamento climatico</span> <span class="meta-nav">&rarr;</span></a></p>

In ottemperanza alla nuova legislazione relativa al terzo settore, pubblichiamo in questa pagina bilanci annuali e relazioni di missione a partire dall'anno 2021.  Trovi le Sintesi annuali (i documenti che riassumono le attività svolte nell’anno indicato) a partire dal 2013 nella pagina COSA FACCIAMO. Bilancio 2021 Modello D Relazione di…

In questa sezione trovi le sintesi annuali delle attività del Circolo Legambiente Valle d'Aosta. Cliccando sui links si apriranno i files pdf rerlativi ai vari anni. Sintesi 2025 Sintesi 2024 Sintesi 2023 Sintesi 2022 Sintesi 2021 Sintesi - 2020 Sintesi 2019 Sintesi 2018 Sintesi 2017 Sintesi 2016 Sintesi 2014 Sintesi…

Memoria corta 2: perché arpa smentisce se stessa? Memoria corta Cas e qualità dell' aria Fotografie del 25 marzo 2014 Concorso fotografico CAS. I vincitori Cogne Acciai Speciali: Analisi dell'aria Bicincittà  2013 Se non ci sono problemi per la salute... Inchiesta sull'aria di Aosta. Cogne, Allarme per gli scarichi di…

Il Circolo Legambiente Valle d'Aosta nasce agli inizi del 2001, pochi mesi dopo l'alluvione che devastò la nostra regione. In quell'occasione ci si rese conto che non esistevano sul nostro territorio associazioni ambientaliste operative e lo stimolo del dibattito che si era venuto a creare a seguito dell'alluvione fu la…

Marais, l'area protetta perde i pezzi I SIC diventano ZSC Parco Nazionale dello Stelvio Le zone umide da salvaguardare Les Iles, un esempio di progetti sbagliati Biodiversità, la tutela passa dalla conoscenza Scempio continuo spacciato per difesa Biodiversità a rischio 2012 Biodiversità  a rischio 2011
